{"id":8559,"date":"2014-03-04T15:50:27","date_gmt":"2014-03-04T14:50:27","guid":{"rendered":"https:\/\/www.itekpharma.com\/itek-infos\/salon-pharmagora-2014-le-salon-de-la-sante\/"},"modified":"2014-03-04T15:50:27","modified_gmt":"2014-03-04T14:50:27","slug":"pharmagora-2014-the-healthcare-trade-show","status":"publish","type":"itek-infos","link":"https:\/\/www.itekpharma.com\/en\/itek-news\/pharmagora-2014-the-healthcare-trade-show\/","title":{"rendered":"Pharmagora 2014: the health trade show!"},"content":{"rendered":"<p>Pharmagora is the benchmark trade show that brings together all healthcare, drug and pharmacy professionals. This year, the show takes place over two days, on Saturday March 29 and Sunday March 30, 2014.<br \/>\nFor the 5th year running, the Itekpharma team will be on hand to welcome you to our stand, where we'll be presenting our range of services and providing information and advice on all the latest web technologies for healthcare professionals.<\/p>\n<p>Our stand number is D56-E55<\/p>\n<p>Access to the Show from Hall Orion :<br \/>\nPorte de Versailles<br \/>\nPavilion 7\/2<br \/>\n75015 Paris<\/p>\n<p>Opening hours :<br \/>\nSaturday, March 29: 9:30 a.m.-7:00 p.m.<br \/>\nSunday, March 30: 9:30 a.m.-7:00 p.m.<\/p>\n<p>Means of access :<br \/>\nAutomobile: Access via the inner and outer ring road, Porte de Versailles exit<br \/>\nBus: 39, 80<br \/>\nTramway: Lines T2 and T3, stop at Porte de Versailles<br \/>\nMetro: Porte de Versailles line 12 (Porte de la Chapelle - Mairie d'Issy) - Stations served: Montparnasse, Concorde, Madeleine, Saint-Lazare<br \/>\nCabs: Stand at the entrance to Paris-Expo - Gate A<\/p>","protected":false},"excerpt":{"rendered":"<p>Pharmagora est le salon de r\u00e9f\u00e9rence qui r\u00e9unit tous les professionnels de la sant\u00e9, du m\u00e9dicament et de l&rsquo;officine. Cette ann\u00e9e, le salon a lieu sur deux jours, le samedi 29 et dimanche 30 mars 2014. Pour la 5\u00e8me ann\u00e9e cons\u00e9cutive, l&rsquo;\u00e9quipe d&rsquo;Itekpharma sera pr\u00e9sente et vous accueillera sur son stand pour vous pr\u00e9senter nos [&hellip;]<\/p>","protected":false},"featured_media":8560,"template":"","categories":[45,60],"class_list":["post-8559","itek-infos","type-itek-infos","status-publish","has-post-thumbnail","hentry","category-blog","category-presse"],"acf":[],"yoast_head":"<!-- This site is optimized with the Yoast SEO plugin v26.6 - https:\/\/yoast.com\/wordpress\/plugins\/seo\/ -->\n<title>Salon Pharmagora 2014 : le salon de la Sant\u00e9 ! - Itekpharma | Expert e-commerce pharmacies &amp; laboratoires depuis 2005<\/title>\n<meta name=\"robots\" content=\"index, follow, max-snippet:-1, max-image-preview:large, max-video-preview:-1\" \/>\n<link rel=\"canonical\" href=\"https:\/\/www.itekpharma.com\/en\/itek-news\/pharmagora-2014-the-healthcare-trade-show\/\" \/>\n<meta property=\"og:locale\" content=\"en_US\" \/>\n<meta property=\"og:type\" content=\"article\" \/>\n<meta property=\"og:title\" content=\"Salon Pharmagora 2014 : le salon de la Sant\u00e9 ! - Itekpharma | Expert e-commerce pharmacies &amp; laboratoires depuis 2005\" \/>\n<meta property=\"og:description\" content=\"Pharmagora est le salon de r\u00e9f\u00e9rence qui r\u00e9unit tous les professionnels de la sant\u00e9, du m\u00e9dicament et de l&rsquo;officine. Cette ann\u00e9e, le salon a lieu sur deux jours, le samedi 29 et dimanche 30 mars 2014. Pour la 5\u00e8me ann\u00e9e cons\u00e9cutive, l&rsquo;\u00e9quipe d&rsquo;Itekpharma sera pr\u00e9sente et vous accueillera sur son stand pour vous pr\u00e9senter nos [&hellip;]\" \/>\n<meta property=\"og:url\" content=\"https:\/\/www.itekpharma.com\/en\/itek-news\/pharmagora-2014-the-healthcare-trade-show\/\" \/>\n<meta property=\"og:site_name\" content=\"Itekpharma | Expert e-commerce pharmacies &amp; laboratoires depuis 2005\" \/>\n<meta property=\"og:image\" content=\"https:\/\/www.itekpharma.com\/wp-content\/uploads\/2019\/03\/DSC03296-scaled.jpg\" \/>\n\t<meta property=\"og:image:width\" content=\"2560\" \/>\n\t<meta property=\"og:image:height\" content=\"1439\" \/>\n\t<meta property=\"og:image:type\" content=\"image\/jpeg\" \/>\n<meta name=\"twitter:card\" content=\"summary_large_image\" \/>\n<meta name=\"twitter:label1\" content=\"Est. reading time\" \/>\n\t<meta name=\"twitter:data1\" content=\"1 minute\" \/>\n<script type=\"application\/ld+json\" class=\"yoast-schema-graph\">{\"@context\":\"https:\/\/schema.org\",\"@graph\":[{\"@type\":\"WebPage\",\"@id\":\"https:\/\/www.itekpharma.com\/itek-infos\/salon-pharmagora-2014-le-salon-de-la-sante\/\",\"url\":\"https:\/\/www.itekpharma.com\/itek-infos\/salon-pharmagora-2014-le-salon-de-la-sante\/\",\"name\":\"Salon Pharmagora 2014 : le salon de la Sant\u00e9 ! - Itekpharma | Expert e-commerce pharmacies &amp; laboratoires depuis 2005\",\"isPartOf\":{\"@id\":\"https:\/\/www.itekpharma.com\/#website\"},\"primaryImageOfPage\":{\"@id\":\"https:\/\/www.itekpharma.com\/itek-infos\/salon-pharmagora-2014-le-salon-de-la-sante\/#primaryimage\"},\"image\":{\"@id\":\"https:\/\/www.itekpharma.com\/itek-infos\/salon-pharmagora-2014-le-salon-de-la-sante\/#primaryimage\"},\"thumbnailUrl\":\"https:\/\/www.itekpharma.com\/wp-content\/uploads\/2019\/03\/DSC03296-scaled.jpg\",\"datePublished\":\"2014-03-04T14:50:27+00:00\",\"breadcrumb\":{\"@id\":\"https:\/\/www.itekpharma.com\/itek-infos\/salon-pharmagora-2014-le-salon-de-la-sante\/#breadcrumb\"},\"inLanguage\":\"en-US\",\"potentialAction\":[{\"@type\":\"ReadAction\",\"target\":[\"https:\/\/www.itekpharma.com\/itek-infos\/salon-pharmagora-2014-le-salon-de-la-sante\/\"]}]},{\"@type\":\"ImageObject\",\"inLanguage\":\"en-US\",\"@id\":\"https:\/\/www.itekpharma.com\/itek-infos\/salon-pharmagora-2014-le-salon-de-la-sante\/#primaryimage\",\"url\":\"https:\/\/www.itekpharma.com\/wp-content\/uploads\/2019\/03\/DSC03296-scaled.jpg\",\"contentUrl\":\"https:\/\/www.itekpharma.com\/wp-content\/uploads\/2019\/03\/DSC03296-scaled.jpg\",\"width\":2560,\"height\":1439,\"caption\":\"SONY DSC\"},{\"@type\":\"BreadcrumbList\",\"@id\":\"https:\/\/www.itekpharma.com\/itek-infos\/salon-pharmagora-2014-le-salon-de-la-sante\/#breadcrumb\",\"itemListElement\":[{\"@type\":\"ListItem\",\"position\":1,\"name\":\"Accueil\",\"item\":\"https:\/\/www.itekpharma.com\/\"},{\"@type\":\"ListItem\",\"position\":2,\"name\":\"ITEK INFOS\",\"item\":\"https:\/\/www.itekpharma.com\/itek-infos\/\"},{\"@type\":\"ListItem\",\"position\":3,\"name\":\"Salon Pharmagora 2014 : le salon de la Sant\u00e9 !\"}]},{\"@type\":\"WebSite\",\"@id\":\"https:\/\/www.itekpharma.com\/#website\",\"url\":\"https:\/\/www.itekpharma.com\/\",\"name\":\"Itekpharma | Expert e-commerce pharmacies &amp; laboratoires depuis 2005\",\"description\":\"L&#039;expertise e-commerce au service de votre sant\u00e9\",\"publisher\":{\"@id\":\"https:\/\/www.itekpharma.com\/#organization\"},\"potentialAction\":[{\"@type\":\"SearchAction\",\"target\":{\"@type\":\"EntryPoint\",\"urlTemplate\":\"https:\/\/www.itekpharma.com\/?s={search_term_string}\"},\"query-input\":{\"@type\":\"PropertyValueSpecification\",\"valueRequired\":true,\"valueName\":\"search_term_string\"}}],\"inLanguage\":\"en-US\"},{\"@type\":\"Organization\",\"@id\":\"https:\/\/www.itekpharma.com\/#organization\",\"name\":\"Itekpharma | Expert e-commerce pharmacies &amp; laboratoires depuis 2005\",\"url\":\"https:\/\/www.itekpharma.com\/\",\"logo\":{\"@type\":\"ImageObject\",\"inLanguage\":\"en-US\",\"@id\":\"https:\/\/www.itekpharma.com\/#\/schema\/logo\/image\/\",\"url\":\"https:\/\/www.itekpharma.com\/wp-content\/uploads\/2022\/09\/logo-header.png\",\"contentUrl\":\"https:\/\/www.itekpharma.com\/wp-content\/uploads\/2022\/09\/logo-header.png\",\"width\":321,\"height\":85,\"caption\":\"Itekpharma | Expert e-commerce pharmacies &amp; laboratoires depuis 2005\"},\"image\":{\"@id\":\"https:\/\/www.itekpharma.com\/#\/schema\/logo\/image\/\"}}]}<\/script>\n<!-- \/ Yoast SEO plugin. -->","yoast_head_json":{"title":"Pharmagora 2014: the health trade show! - Itekpharma | Expert e-commerce pharmacies &amp; laboratories since 2005","robots":{"index":"index","follow":"follow","max-snippet":"max-snippet:-1","max-image-preview":"max-image-preview:large","max-video-preview":"max-video-preview:-1"},"canonical":"https:\/\/www.itekpharma.com\/en\/itek-news\/pharmagora-2014-the-healthcare-trade-show\/","og_locale":"en_US","og_type":"article","og_title":"Salon Pharmagora 2014 : le salon de la Sant\u00e9 ! - Itekpharma | Expert e-commerce pharmacies &amp; laboratoires depuis 2005","og_description":"Pharmagora est le salon de r\u00e9f\u00e9rence qui r\u00e9unit tous les professionnels de la sant\u00e9, du m\u00e9dicament et de l&rsquo;officine. Cette ann\u00e9e, le salon a lieu sur deux jours, le samedi 29 et dimanche 30 mars 2014. Pour la 5\u00e8me ann\u00e9e cons\u00e9cutive, l&rsquo;\u00e9quipe d&rsquo;Itekpharma sera pr\u00e9sente et vous accueillera sur son stand pour vous pr\u00e9senter nos [&hellip;]","og_url":"https:\/\/www.itekpharma.com\/en\/itek-news\/pharmagora-2014-the-healthcare-trade-show\/","og_site_name":"Itekpharma | Expert e-commerce pharmacies &amp; laboratoires depuis 2005","og_image":[{"width":2560,"height":1439,"url":"https:\/\/www.itekpharma.com\/wp-content\/uploads\/2019\/03\/DSC03296-scaled.jpg","type":"image\/jpeg"}],"twitter_card":"summary_large_image","twitter_misc":{"Est. reading time":"1 minute"},"schema":{"@context":"https:\/\/schema.org","@graph":[{"@type":"WebPage","@id":"https:\/\/www.itekpharma.com\/itek-infos\/salon-pharmagora-2014-le-salon-de-la-sante\/","url":"https:\/\/www.itekpharma.com\/itek-infos\/salon-pharmagora-2014-le-salon-de-la-sante\/","name":"Pharmagora 2014: the health trade show! - Itekpharma | Expert e-commerce pharmacies &amp; laboratories since 2005","isPartOf":{"@id":"https:\/\/www.itekpharma.com\/#website"},"primaryImageOfPage":{"@id":"https:\/\/www.itekpharma.com\/itek-infos\/salon-pharmagora-2014-le-salon-de-la-sante\/#primaryimage"},"image":{"@id":"https:\/\/www.itekpharma.com\/itek-infos\/salon-pharmagora-2014-le-salon-de-la-sante\/#primaryimage"},"thumbnailUrl":"https:\/\/www.itekpharma.com\/wp-content\/uploads\/2019\/03\/DSC03296-scaled.jpg","datePublished":"2014-03-04T14:50:27+00:00","breadcrumb":{"@id":"https:\/\/www.itekpharma.com\/itek-infos\/salon-pharmagora-2014-le-salon-de-la-sante\/#breadcrumb"},"inLanguage":"en-US","potentialAction":[{"@type":"ReadAction","target":["https:\/\/www.itekpharma.com\/itek-infos\/salon-pharmagora-2014-le-salon-de-la-sante\/"]}]},{"@type":"ImageObject","inLanguage":"en-US","@id":"https:\/\/www.itekpharma.com\/itek-infos\/salon-pharmagora-2014-le-salon-de-la-sante\/#primaryimage","url":"https:\/\/www.itekpharma.com\/wp-content\/uploads\/2019\/03\/DSC03296-scaled.jpg","contentUrl":"https:\/\/www.itekpharma.com\/wp-content\/uploads\/2019\/03\/DSC03296-scaled.jpg","width":2560,"height":1439,"caption":"SONY DSC"},{"@type":"BreadcrumbList","@id":"https:\/\/www.itekpharma.com\/itek-infos\/salon-pharmagora-2014-le-salon-de-la-sante\/#breadcrumb","itemListElement":[{"@type":"ListItem","position":1,"name":"Accueil","item":"https:\/\/www.itekpharma.com\/"},{"@type":"ListItem","position":2,"name":"ITEK INFOS","item":"https:\/\/www.itekpharma.com\/itek-infos\/"},{"@type":"ListItem","position":3,"name":"Salon Pharmagora 2014 : le salon de la Sant\u00e9 !"}]},{"@type":"WebSite","@id":"https:\/\/www.itekpharma.com\/#website","url":"https:\/\/www.itekpharma.com\/","name":"Itekpharma | Expert e-commerce pharmacies &amp; laboratories since 2005","description":"E-commerce expertise at the service of your health","publisher":{"@id":"https:\/\/www.itekpharma.com\/#organization"},"potentialAction":[{"@type":"SearchAction","target":{"@type":"EntryPoint","urlTemplate":"https:\/\/www.itekpharma.com\/?s={search_term_string}"},"query-input":{"@type":"PropertyValueSpecification","valueRequired":true,"valueName":"search_term_string"}}],"inLanguage":"en-US"},{"@type":"Organization","@id":"https:\/\/www.itekpharma.com\/#organization","name":"Itekpharma | Expert e-commerce pharmacies &amp; laboratories since 2005","url":"https:\/\/www.itekpharma.com\/","logo":{"@type":"ImageObject","inLanguage":"en-US","@id":"https:\/\/www.itekpharma.com\/#\/schema\/logo\/image\/","url":"https:\/\/www.itekpharma.com\/wp-content\/uploads\/2022\/09\/logo-header.png","contentUrl":"https:\/\/www.itekpharma.com\/wp-content\/uploads\/2022\/09\/logo-header.png","width":321,"height":85,"caption":"Itekpharma | Expert e-commerce pharmacies &amp; laboratoires depuis 2005"},"image":{"@id":"https:\/\/www.itekpharma.com\/#\/schema\/logo\/image\/"}}]}},"_links":{"self":[{"href":"https:\/\/www.itekpharma.com\/en\/wp-json\/wp\/v2\/itek-infos\/8559","targetHints":{"allow":["GET"]}}],"collection":[{"href":"https:\/\/www.itekpharma.com\/en\/wp-json\/wp\/v2\/itek-infos"}],"about":[{"href":"https:\/\/www.itekpharma.com\/en\/wp-json\/wp\/v2\/types\/itek-infos"}],"wp:featuredmedia":[{"embeddable":true,"href":"https:\/\/www.itekpharma.com\/en\/wp-json\/wp\/v2\/media\/8560"}],"wp:attachment":[{"href":"https:\/\/www.itekpharma.com\/en\/wp-json\/wp\/v2\/media?parent=8559"}],"wp:term":[{"taxonomy":"category","embeddable":true,"href":"https:\/\/www.itekpharma.com\/en\/wp-json\/wp\/v2\/categories?post=8559"}],"curies":[{"name":"wp","href":"https:\/\/api.w.org\/{rel}","templated":true}]}}

<p>Pharmagora est le salon de référence qui réunit tous les professionnels de la santé, du médicament et de l&rsquo;officine. Cette année, le salon a lieu sur deux jours, le samedi 29 et dimanche 30 mars 2014. Pour la 5ème année consécutive, l&rsquo;équipe d&rsquo;Itekpharma sera présente et vous accueillera sur son stand pour vous présenter nos [&hellip;]</p>

<!-- This site is optimized with the Yoast SEO plugin v26.6 - https://yoast.com/wordpress/plugins/seo/ -->
<title>Salon Pharmagora 2014 : le salon de la Santé ! - Itekpharma | Expert e-commerce pharmacies &amp; laboratoires depuis 2005</title>
<meta name="robots" content="index, follow, max-snippet:-1, max-image-preview:large, max-video-preview:-1" />
<link rel="canonical" href="https://www.itekpharma.com/en/itek-news/pharmagora-2014-the-healthcare-trade-show/" />
<meta property="og:locale" content="en_US" />
<meta property="og:type" content="article" />
<meta property="og:title" content="Salon Pharmagora 2014 : le salon de la Santé ! - Itekpharma | Expert e-commerce pharmacies &amp; laboratoires depuis 2005" />
<meta property="og:description" content="Pharmagora est le salon de référence qui réunit tous les professionnels de la santé, du médicament et de l&rsquo;officine. Cette année, le salon a lieu sur deux jours, le samedi 29 et dimanche 30 mars 2014. Pour la 5ème année consécutive, l&rsquo;équipe d&rsquo;Itekpharma sera présente et vous accueillera sur son stand pour vous présenter nos [&hellip;]" />
<meta property="og:url" content="https://www.itekpharma.com/en/itek-news/pharmagora-2014-the-healthcare-trade-show/" />
<meta property="og:site_name" content="Itekpharma | Expert e-commerce pharmacies &amp; laboratoires depuis 2005" />
<meta property="og:image" content="https://www.itekpharma.com/wp-content/uploads/2019/03/DSC03296-scaled.jpg" />
	<meta property="og:image:width" content="2560" />
	<meta property="og:image:height" content="1439" />
	<meta property="og:image:type" content="image/jpeg" />
<meta name="twitter:card" content="summary_large_image" />
<meta name="twitter:label1" content="Est. reading time" />
	<meta name="twitter:data1" content="1 minute" />
<script type="application/ld+json" class="yoast-schema-graph">{"@context":"https://schema.org","@graph":[{"@type":"WebPage","@id":"https://www.itekpharma.com/itek-infos/salon-pharmagora-2014-le-salon-de-la-sante/","url":"https://www.itekpharma.com/itek-infos/salon-pharmagora-2014-le-salon-de-la-sante/","name":"Salon Pharmagora 2014 : le salon de la Santé ! - Itekpharma | Expert e-commerce pharmacies &amp; laboratoires depuis 2005","isPartOf":{"@id":"https://www.itekpharma.com/#website"},"primaryImageOfPage":{"@id":"https://www.itekpharma.com/itek-infos/salon-pharmagora-2014-le-salon-de-la-sante/#primaryimage"},"image":{"@id":"https://www.itekpharma.com/itek-infos/salon-pharmagora-2014-le-salon-de-la-sante/#primaryimage"},"thumbnailUrl":"https://www.itekpharma.com/wp-content/uploads/2019/03/DSC03296-scaled.jpg","datePublished":"2014-03-04T14:50:27+00:00","breadcrumb":{"@id":"https://www.itekpharma.com/itek-infos/salon-pharmagora-2014-le-salon-de-la-sante/#breadcrumb"},"inLanguage":"en-US","potentialAction":[{"@type":"ReadAction","target":["https://www.itekpharma.com/itek-infos/salon-pharmagora-2014-le-salon-de-la-sante/"]}]},{"@type":"ImageObject","inLanguage":"en-US","@id":"https://www.itekpharma.com/itek-infos/salon-pharmagora-2014-le-salon-de-la-sante/#primaryimage","url":"https://www.itekpharma.com/wp-content/uploads/2019/03/DSC03296-scaled.jpg","contentUrl":"https://www.itekpharma.com/wp-content/uploads/2019/03/DSC03296-scaled.jpg","width":2560,"height":1439,"caption":"SONY DSC"},{"@type":"BreadcrumbList","@id":"https://www.itekpharma.com/itek-infos/salon-pharmagora-2014-le-salon-de-la-sante/#breadcrumb","itemListElement":[{"@type":"ListItem","position":1,"name":"Accueil","item":"https://www.itekpharma.com/"},{"@type":"ListItem","position":2,"name":"ITEK INFOS","item":"https://www.itekpharma.com/itek-infos/"},{"@type":"ListItem","position":3,"name":"Salon Pharmagora 2014 : le salon de la Santé !"}]},{"@type":"WebSite","@id":"https://www.itekpharma.com/#website","url":"https://www.itekpharma.com/","name":"Itekpharma | Expert e-commerce pharmacies &amp; laboratoires depuis 2005","description":"L&#039;expertise e-commerce au service de votre santé","publisher":{"@id":"https://www.itekpharma.com/#organization"},"potentialAction":[{"@type":"SearchAction","target":{"@type":"EntryPoint","urlTemplate":"https://www.itekpharma.com/?s={search_term_string}"},"query-input":{"@type":"PropertyValueSpecification","valueRequired":true,"valueName":"search_term_string"}}],"inLanguage":"en-US"},{"@type":"Organization","@id":"https://www.itekpharma.com/#organization","name":"Itekpharma | Expert e-commerce pharmacies &amp; laboratoires depuis 2005","url":"https://www.itekpharma.com/","logo":{"@type":"ImageObject","inLanguage":"en-US","@id":"https://www.itekpharma.com/#/schema/logo/image/","url":"https://www.itekpharma.com/wp-content/uploads/2022/09/logo-header.png","contentUrl":"https://www.itekpharma.com/wp-content/uploads/2022/09/logo-header.png","width":321,"height":85,"caption":"Itekpharma | Expert e-commerce pharmacies &amp; laboratoires depuis 2005"},"image":{"@id":"https://www.itekpharma.com/#/schema/logo/image/"}}]}</script>
<!-- / Yoast SEO plugin. -->

Salon Pharmagora 2014 : le salon de la Santé ! - Itekpharma | Expert e-commerce pharmacies &amp; laboratoires depuis 2005

Pharmagora est le salon de référence qui réunit tous les professionnels de la santé, du médicament et de l&rsquo;officine. Cette année, le salon a lieu sur deux jours, le samedi 29 et dimanche 30 mars 2014. Pour la 5ème année consécutive, l&rsquo;équipe d&rsquo;Itekpharma sera présente et vous accueillera sur son stand pour vous présenter nos [&hellip;]

Salon Pharmagora 2014 : le salon de la Santé !
