{"id":8585,"date":"2019-04-04T08:39:37","date_gmt":"2019-04-04T06:39:37","guid":{"rendered":"https:\/\/www.itekpharma.com\/itek-infos\/itekpharma-au-salon-pharmagoraplus-2019\/"},"modified":"2024-11-06T07:43:49","modified_gmt":"2024-11-06T06:43:49","slug":"itekpharma-en-pharmagoraplus-2019","status":"publish","type":"itek-infos","link":"https:\/\/www.itekpharma.com\/es\/informacion\/itekpharma-en-pharmagoraplus-2019\/","title":{"rendered":"ITEKPHARMA en PharmagoraPlus 2019"},"content":{"rendered":"<p>Itekpharma particip\u00f3 en la feria PharmagoraPlus celebrada en <strong>Par\u00eds Porte de Versailles s\u00e1bado 30 y domingo 31 de marzo de 2019.<\/strong><\/p>\n<p><center><img decoding=\"async\" class=\"aligncenter size-full wp-image-1773\" src=\"https:\/\/www.itekpharma.com\/wp-content\/uploads\/2019\/04\/Capture-decran-2019-04-02-a-15.17.35.png\" alt=\"itekpharma farmacia\" width=\"800\" \/><\/center>Un gran n\u00famero de farmac\u00e9uticos aprovecharon la oportunidad para reunirse con nosotros y debatir sobre las oportunidades de desarrollo digital en las farmacias, en particular con el\u2019<a href=\"\/es\/nuestra-solucion-llave-en-mano\/receta-en-linea\/\">Receta en l\u00ednea<\/a> y <a href=\"\/es\/nuestra-solucion-llave-en-mano\/click-collect\/\">Click&amp;Collect<\/a> productos de parafarmacia, muy populares entre los pacientes.<br \/>\nMuchas farmacias tambi\u00e9n nos han comentado su inter\u00e9s por su referenciaci\u00f3n y visibilidad en la Red. La optimizaci\u00f3n de los motores de b\u00fasqueda, especialmente Google, ya no es algo que se pueda descuidar. Al igual que la presencia en las redes sociales, especialmente Facebook.<br \/>\nLa farmacia digital no es algo para ma\u00f1ana, ya est\u00e1 sucediendo, y estamos encantados de poder apoyar cada mes a nuevas farmacias en estas aventuras, \u00a1al servicio de la farmacia f\u00edsica!<\/p>\n<p><center><img decoding=\"async\" class=\"aligncenter size-full wp-image-1773\" src=\"https:\/\/www.itekpharma.com\/wp-content\/uploads\/2019\/04\/Capture-decran-2019-04-02-a-15.29.44.png\" alt=\"itekpharma farmacia\" width=\"800\" \/><\/center><\/p>","protected":false},"excerpt":{"rendered":"<p>Itekpharma a particip\u00e9 au salon PharmagoraPlus qui s&rsquo;est d\u00e9roul\u00e9 \u00e0 Paris Porte de Versailles samedi 30 et dimanche 31 Mars 2019. De nombreux pharmaciens en ont profit\u00e9 pour nous rencontrer et \u00e9changer sur les opportunit\u00e9s de d\u00e9veloppement du digital dans les officines, notamment avec le service d&rsquo;Ordonnance en ligne et du Click&amp;Collect de produits de [&hellip;]<\/p>","protected":false},"featured_media":8584,"template":"","categories":[45],"class_list":["post-8585","itek-infos","type-itek-infos","status-publish","has-post-thumbnail","hentry","category-blog"],"acf":[],"yoast_head":"<!-- This site is optimized with the Yoast SEO plugin v26.6 - https:\/\/yoast.com\/wordpress\/plugins\/seo\/ -->\n<title>ITEKPHARMA au salon PharmagoraPlus 2019 - Itekpharma | Expert e-commerce pharmacies &amp; laboratoires depuis 2005<\/title>\n<meta name=\"robots\" content=\"index, follow, max-snippet:-1, max-image-preview:large, max-video-preview:-1\" \/>\n<link rel=\"canonical\" href=\"https:\/\/www.itekpharma.com\/es\/informacion\/itekpharma-en-pharmagoraplus-2019\/\" \/>\n<meta property=\"og:locale\" content=\"es_ES\" \/>\n<meta property=\"og:type\" content=\"article\" \/>\n<meta property=\"og:title\" content=\"ITEKPHARMA au salon PharmagoraPlus 2019 - Itekpharma | Expert e-commerce pharmacies &amp; laboratoires depuis 2005\" \/>\n<meta property=\"og:description\" content=\"Itekpharma a particip\u00e9 au salon PharmagoraPlus qui s&rsquo;est d\u00e9roul\u00e9 \u00e0 Paris Porte de Versailles samedi 30 et dimanche 31 Mars 2019. De nombreux pharmaciens en ont profit\u00e9 pour nous rencontrer et \u00e9changer sur les opportunit\u00e9s de d\u00e9veloppement du digital dans les officines, notamment avec le service d&rsquo;Ordonnance en ligne et du Click&amp;Collect de produits de [&hellip;]\" \/>\n<meta property=\"og:url\" content=\"https:\/\/www.itekpharma.com\/es\/informacion\/itekpharma-en-pharmagoraplus-2019\/\" \/>\n<meta property=\"og:site_name\" content=\"Itekpharma | Expert e-commerce pharmacies &amp; laboratoires depuis 2005\" \/>\n<meta property=\"article:modified_time\" content=\"2024-11-06T06:43:49+00:00\" \/>\n<meta property=\"og:image\" content=\"https:\/\/www.itekpharma.com\/wp-content\/uploads\/2019\/04\/Capture-decran-2019-04-02-a-15.29.44.png\" \/>\n\t<meta property=\"og:image:width\" content=\"957\" \/>\n\t<meta property=\"og:image:height\" content=\"843\" \/>\n\t<meta property=\"og:image:type\" content=\"image\/png\" \/>\n<meta name=\"twitter:card\" content=\"summary_large_image\" \/>\n<meta name=\"twitter:label1\" content=\"Tiempo de lectura\" \/>\n\t<meta name=\"twitter:data1\" content=\"2 minutos\" \/>\n<script type=\"application\/ld+json\" class=\"yoast-schema-graph\">{\"@context\":\"https:\/\/schema.org\",\"@graph\":[{\"@type\":\"WebPage\",\"@id\":\"https:\/\/www.itekpharma.com\/itek-infos\/itekpharma-au-salon-pharmagoraplus-2019\/\",\"url\":\"https:\/\/www.itekpharma.com\/itek-infos\/itekpharma-au-salon-pharmagoraplus-2019\/\",\"name\":\"ITEKPHARMA au salon PharmagoraPlus 2019 - Itekpharma | Expert e-commerce pharmacies &amp; laboratoires depuis 2005\",\"isPartOf\":{\"@id\":\"https:\/\/www.itekpharma.com\/#website\"},\"primaryImageOfPage\":{\"@id\":\"https:\/\/www.itekpharma.com\/itek-infos\/itekpharma-au-salon-pharmagoraplus-2019\/#primaryimage\"},\"image\":{\"@id\":\"https:\/\/www.itekpharma.com\/itek-infos\/itekpharma-au-salon-pharmagoraplus-2019\/#primaryimage\"},\"thumbnailUrl\":\"https:\/\/www.itekpharma.com\/wp-content\/uploads\/2019\/04\/Capture-decran-2019-04-02-a-15.29.44.png\",\"datePublished\":\"2019-04-04T06:39:37+00:00\",\"dateModified\":\"2024-11-06T06:43:49+00:00\",\"breadcrumb\":{\"@id\":\"https:\/\/www.itekpharma.com\/itek-infos\/itekpharma-au-salon-pharmagoraplus-2019\/#breadcrumb\"},\"inLanguage\":\"es\",\"potentialAction\":[{\"@type\":\"ReadAction\",\"target\":[\"https:\/\/www.itekpharma.com\/itek-infos\/itekpharma-au-salon-pharmagoraplus-2019\/\"]}]},{\"@type\":\"ImageObject\",\"inLanguage\":\"es\",\"@id\":\"https:\/\/www.itekpharma.com\/itek-infos\/itekpharma-au-salon-pharmagoraplus-2019\/#primaryimage\",\"url\":\"https:\/\/www.itekpharma.com\/wp-content\/uploads\/2019\/04\/Capture-decran-2019-04-02-a-15.29.44.png\",\"contentUrl\":\"https:\/\/www.itekpharma.com\/wp-content\/uploads\/2019\/04\/Capture-decran-2019-04-02-a-15.29.44.png\",\"width\":957,\"height\":843},{\"@type\":\"BreadcrumbList\",\"@id\":\"https:\/\/www.itekpharma.com\/itek-infos\/itekpharma-au-salon-pharmagoraplus-2019\/#breadcrumb\",\"itemListElement\":[{\"@type\":\"ListItem\",\"position\":1,\"name\":\"Accueil\",\"item\":\"https:\/\/www.itekpharma.com\/\"},{\"@type\":\"ListItem\",\"position\":2,\"name\":\"ITEK INFOS\",\"item\":\"https:\/\/www.itekpharma.com\/itek-infos\/\"},{\"@type\":\"ListItem\",\"position\":3,\"name\":\"ITEKPHARMA au salon PharmagoraPlus 2019\"}]},{\"@type\":\"WebSite\",\"@id\":\"https:\/\/www.itekpharma.com\/#website\",\"url\":\"https:\/\/www.itekpharma.com\/\",\"name\":\"Itekpharma | Expert e-commerce pharmacies &amp; laboratoires depuis 2005\",\"description\":\"L&#039;expertise e-commerce au service de votre sant\u00e9\",\"publisher\":{\"@id\":\"https:\/\/www.itekpharma.com\/#organization\"},\"potentialAction\":[{\"@type\":\"SearchAction\",\"target\":{\"@type\":\"EntryPoint\",\"urlTemplate\":\"https:\/\/www.itekpharma.com\/?s={search_term_string}\"},\"query-input\":{\"@type\":\"PropertyValueSpecification\",\"valueRequired\":true,\"valueName\":\"search_term_string\"}}],\"inLanguage\":\"es\"},{\"@type\":\"Organization\",\"@id\":\"https:\/\/www.itekpharma.com\/#organization\",\"name\":\"Itekpharma | Expert e-commerce pharmacies &amp; laboratoires depuis 2005\",\"url\":\"https:\/\/www.itekpharma.com\/\",\"logo\":{\"@type\":\"ImageObject\",\"inLanguage\":\"es\",\"@id\":\"https:\/\/www.itekpharma.com\/#\/schema\/logo\/image\/\",\"url\":\"https:\/\/www.itekpharma.com\/wp-content\/uploads\/2022\/09\/logo-header.png\",\"contentUrl\":\"https:\/\/www.itekpharma.com\/wp-content\/uploads\/2022\/09\/logo-header.png\",\"width\":321,\"height\":85,\"caption\":\"Itekpharma | Expert e-commerce pharmacies &amp; laboratoires depuis 2005\"},\"image\":{\"@id\":\"https:\/\/www.itekpharma.com\/#\/schema\/logo\/image\/\"}}]}<\/script>\n<!-- \/ Yoast SEO plugin. -->","yoast_head_json":{"title":"ITEKPHARMA en PharmagoraPlus 2019 - Itekpharma | Experto comercio electr\u00f3nico farmacias y laboratorios desde 2005","robots":{"index":"index","follow":"follow","max-snippet":"max-snippet:-1","max-image-preview":"max-image-preview:large","max-video-preview":"max-video-preview:-1"},"canonical":"https:\/\/www.itekpharma.com\/es\/informacion\/itekpharma-en-pharmagoraplus-2019\/","og_locale":"es_ES","og_type":"article","og_title":"ITEKPHARMA au salon PharmagoraPlus 2019 - Itekpharma | Expert e-commerce pharmacies &amp; laboratoires depuis 2005","og_description":"Itekpharma a particip\u00e9 au salon PharmagoraPlus qui s&rsquo;est d\u00e9roul\u00e9 \u00e0 Paris Porte de Versailles samedi 30 et dimanche 31 Mars 2019. De nombreux pharmaciens en ont profit\u00e9 pour nous rencontrer et \u00e9changer sur les opportunit\u00e9s de d\u00e9veloppement du digital dans les officines, notamment avec le service d&rsquo;Ordonnance en ligne et du Click&amp;Collect de produits de [&hellip;]","og_url":"https:\/\/www.itekpharma.com\/es\/informacion\/itekpharma-en-pharmagoraplus-2019\/","og_site_name":"Itekpharma | Expert e-commerce pharmacies &amp; laboratoires depuis 2005","article_modified_time":"2024-11-06T06:43:49+00:00","og_image":[{"width":957,"height":843,"url":"https:\/\/www.itekpharma.com\/wp-content\/uploads\/2019\/04\/Capture-decran-2019-04-02-a-15.29.44.png","type":"image\/png"}],"twitter_card":"summary_large_image","twitter_misc":{"Tiempo de lectura":"2 minutos"},"schema":{"@context":"https:\/\/schema.org","@graph":[{"@type":"WebPage","@id":"https:\/\/www.itekpharma.com\/itek-infos\/itekpharma-au-salon-pharmagoraplus-2019\/","url":"https:\/\/www.itekpharma.com\/itek-infos\/itekpharma-au-salon-pharmagoraplus-2019\/","name":"ITEKPHARMA en PharmagoraPlus 2019 - Itekpharma | Experto comercio electr\u00f3nico farmacias y laboratorios desde 2005","isPartOf":{"@id":"https:\/\/www.itekpharma.com\/#website"},"primaryImageOfPage":{"@id":"https:\/\/www.itekpharma.com\/itek-infos\/itekpharma-au-salon-pharmagoraplus-2019\/#primaryimage"},"image":{"@id":"https:\/\/www.itekpharma.com\/itek-infos\/itekpharma-au-salon-pharmagoraplus-2019\/#primaryimage"},"thumbnailUrl":"https:\/\/www.itekpharma.com\/wp-content\/uploads\/2019\/04\/Capture-decran-2019-04-02-a-15.29.44.png","datePublished":"2019-04-04T06:39:37+00:00","dateModified":"2024-11-06T06:43:49+00:00","breadcrumb":{"@id":"https:\/\/www.itekpharma.com\/itek-infos\/itekpharma-au-salon-pharmagoraplus-2019\/#breadcrumb"},"inLanguage":"es","potentialAction":[{"@type":"ReadAction","target":["https:\/\/www.itekpharma.com\/itek-infos\/itekpharma-au-salon-pharmagoraplus-2019\/"]}]},{"@type":"ImageObject","inLanguage":"es","@id":"https:\/\/www.itekpharma.com\/itek-infos\/itekpharma-au-salon-pharmagoraplus-2019\/#primaryimage","url":"https:\/\/www.itekpharma.com\/wp-content\/uploads\/2019\/04\/Capture-decran-2019-04-02-a-15.29.44.png","contentUrl":"https:\/\/www.itekpharma.com\/wp-content\/uploads\/2019\/04\/Capture-decran-2019-04-02-a-15.29.44.png","width":957,"height":843},{"@type":"BreadcrumbList","@id":"https:\/\/www.itekpharma.com\/itek-infos\/itekpharma-au-salon-pharmagoraplus-2019\/#breadcrumb","itemListElement":[{"@type":"ListItem","position":1,"name":"Accueil","item":"https:\/\/www.itekpharma.com\/"},{"@type":"ListItem","position":2,"name":"ITEK INFOS","item":"https:\/\/www.itekpharma.com\/itek-infos\/"},{"@type":"ListItem","position":3,"name":"ITEKPHARMA au salon PharmagoraPlus 2019"}]},{"@type":"WebSite","@id":"https:\/\/www.itekpharma.com\/#website","url":"https:\/\/www.itekpharma.com\/","name":"Itekpharma | Experto en comercio electr\u00f3nico para farmacias y laboratorios desde 2005","description":"La experiencia del comercio electr\u00f3nico al servicio de su salud","publisher":{"@id":"https:\/\/www.itekpharma.com\/#organization"},"potentialAction":[{"@type":"SearchAction","target":{"@type":"EntryPoint","urlTemplate":"https:\/\/www.itekpharma.com\/?s={search_term_string}"},"query-input":{"@type":"PropertyValueSpecification","valueRequired":true,"valueName":"search_term_string"}}],"inLanguage":"es"},{"@type":"Organization","@id":"https:\/\/www.itekpharma.com\/#organization","name":"Itekpharma | Experto en comercio electr\u00f3nico para farmacias y laboratorios desde 2005","url":"https:\/\/www.itekpharma.com\/","logo":{"@type":"ImageObject","inLanguage":"es","@id":"https:\/\/www.itekpharma.com\/#\/schema\/logo\/image\/","url":"https:\/\/www.itekpharma.com\/wp-content\/uploads\/2022\/09\/logo-header.png","contentUrl":"https:\/\/www.itekpharma.com\/wp-content\/uploads\/2022\/09\/logo-header.png","width":321,"height":85,"caption":"Itekpharma | Expert e-commerce pharmacies &amp; laboratoires depuis 2005"},"image":{"@id":"https:\/\/www.itekpharma.com\/#\/schema\/logo\/image\/"}}]}},"_links":{"self":[{"href":"https:\/\/www.itekpharma.com\/es\/wp-json\/wp\/v2\/itek-infos\/8585","targetHints":{"allow":["GET"]}}],"collection":[{"href":"https:\/\/www.itekpharma.com\/es\/wp-json\/wp\/v2\/itek-infos"}],"about":[{"href":"https:\/\/www.itekpharma.com\/es\/wp-json\/wp\/v2\/types\/itek-infos"}],"wp:featuredmedia":[{"embeddable":true,"href":"https:\/\/www.itekpharma.com\/es\/wp-json\/wp\/v2\/media\/8584"}],"wp:attachment":[{"href":"https:\/\/www.itekpharma.com\/es\/wp-json\/wp\/v2\/media?parent=8585"}],"wp:term":[{"taxonomy":"category","embeddable":true,"href":"https:\/\/www.itekpharma.com\/es\/wp-json\/wp\/v2\/categories?post=8585"}],"curies":[{"name":"wp","href":"https:\/\/api.w.org\/{rel}","templated":true}]}}

<p>Itekpharma participó en la feria PharmagoraPlus celebrada en <strong>París Porte de Versailles sábado 30 y domingo 31 de marzo de 2019.</strong></p>
<p><center><img decoding="async" class="aligncenter size-full wp-image-1773" src="https://www.itekpharma.com/wp-content/uploads/2019/04/Capture-decran-2019-04-02-a-15.17.35.png" alt="itekpharma farmacia" width="800" /></center>Un gran número de farmacéuticos aprovecharon la oportunidad para reunirse con nosotros y debatir sobre las oportunidades de desarrollo digital en las farmacias, en particular con el’<a href="/es/nuestra-solucion-llave-en-mano/receta-en-linea/">Receta en línea</a> y <a href="/es/nuestra-solucion-llave-en-mano/click-collect/">Click&amp;Collect</a> productos de parafarmacia, muy populares entre los pacientes.<br />
Muchas farmacias también nos han comentado su interés por su referenciación y visibilidad en la Red. La optimización de los motores de búsqueda, especialmente Google, ya no es algo que se pueda descuidar. Al igual que la presencia en las redes sociales, especialmente Facebook.<br />
La farmacia digital no es algo para mañana, ya está sucediendo, y estamos encantados de poder apoyar cada mes a nuevas farmacias en estas aventuras, ¡al servicio de la farmacia física!</p>
<p><center><img decoding="async" class="aligncenter size-full wp-image-1773" src="https://www.itekpharma.com/wp-content/uploads/2019/04/Capture-decran-2019-04-02-a-15.29.44.png" alt="itekpharma farmacia" width="800" /></center></p>

<p>Itekpharma a participé au salon PharmagoraPlus qui s&rsquo;est déroulé à Paris Porte de Versailles samedi 30 et dimanche 31 Mars 2019. De nombreux pharmaciens en ont profité pour nous rencontrer et échanger sur les opportunités de développement du digital dans les officines, notamment avec le service d&rsquo;Ordonnance en ligne et du Click&amp;Collect de produits de [&hellip;]</p>

<!-- This site is optimized with the Yoast SEO plugin v26.6 - https://yoast.com/wordpress/plugins/seo/ -->
<title>ITEKPHARMA au salon PharmagoraPlus 2019 - Itekpharma | Expert e-commerce pharmacies &amp; laboratoires depuis 2005</title>
<meta name="robots" content="index, follow, max-snippet:-1, max-image-preview:large, max-video-preview:-1" />
<link rel="canonical" href="https://www.itekpharma.com/es/informacion/itekpharma-en-pharmagoraplus-2019/" />
<meta property="og:locale" content="es_ES" />
<meta property="og:type" content="article" />
<meta property="og:title" content="ITEKPHARMA au salon PharmagoraPlus 2019 - Itekpharma | Expert e-commerce pharmacies &amp; laboratoires depuis 2005" />
<meta property="og:description" content="Itekpharma a participé au salon PharmagoraPlus qui s&rsquo;est déroulé à Paris Porte de Versailles samedi 30 et dimanche 31 Mars 2019. De nombreux pharmaciens en ont profité pour nous rencontrer et échanger sur les opportunités de développement du digital dans les officines, notamment avec le service d&rsquo;Ordonnance en ligne et du Click&amp;Collect de produits de [&hellip;]" />
<meta property="og:url" content="https://www.itekpharma.com/es/informacion/itekpharma-en-pharmagoraplus-2019/" />
<meta property="og:site_name" content="Itekpharma | Expert e-commerce pharmacies &amp; laboratoires depuis 2005" />
<meta property="article:modified_time" content="2024-11-06T06:43:49+00:00" />
<meta property="og:image" content="https://www.itekpharma.com/wp-content/uploads/2019/04/Capture-decran-2019-04-02-a-15.29.44.png" />
	<meta property="og:image:width" content="957" />
	<meta property="og:image:height" content="843" />
	<meta property="og:image:type" content="image/png" />
<meta name="twitter:card" content="summary_large_image" />
<meta name="twitter:label1" content="Tiempo de lectura" />
	<meta name="twitter:data1" content="2 minutos" />
<script type="application/ld+json" class="yoast-schema-graph">{"@context":"https://schema.org","@graph":[{"@type":"WebPage","@id":"https://www.itekpharma.com/itek-infos/itekpharma-au-salon-pharmagoraplus-2019/","url":"https://www.itekpharma.com/itek-infos/itekpharma-au-salon-pharmagoraplus-2019/","name":"ITEKPHARMA au salon PharmagoraPlus 2019 - Itekpharma | Expert e-commerce pharmacies &amp; laboratoires depuis 2005","isPartOf":{"@id":"https://www.itekpharma.com/#website"},"primaryImageOfPage":{"@id":"https://www.itekpharma.com/itek-infos/itekpharma-au-salon-pharmagoraplus-2019/#primaryimage"},"image":{"@id":"https://www.itekpharma.com/itek-infos/itekpharma-au-salon-pharmagoraplus-2019/#primaryimage"},"thumbnailUrl":"https://www.itekpharma.com/wp-content/uploads/2019/04/Capture-decran-2019-04-02-a-15.29.44.png","datePublished":"2019-04-04T06:39:37+00:00","dateModified":"2024-11-06T06:43:49+00:00","breadcrumb":{"@id":"https://www.itekpharma.com/itek-infos/itekpharma-au-salon-pharmagoraplus-2019/#breadcrumb"},"inLanguage":"es","potentialAction":[{"@type":"ReadAction","target":["https://www.itekpharma.com/itek-infos/itekpharma-au-salon-pharmagoraplus-2019/"]}]},{"@type":"ImageObject","inLanguage":"es","@id":"https://www.itekpharma.com/itek-infos/itekpharma-au-salon-pharmagoraplus-2019/#primaryimage","url":"https://www.itekpharma.com/wp-content/uploads/2019/04/Capture-decran-2019-04-02-a-15.29.44.png","contentUrl":"https://www.itekpharma.com/wp-content/uploads/2019/04/Capture-decran-2019-04-02-a-15.29.44.png","width":957,"height":843},{"@type":"BreadcrumbList","@id":"https://www.itekpharma.com/itek-infos/itekpharma-au-salon-pharmagoraplus-2019/#breadcrumb","itemListElement":[{"@type":"ListItem","position":1,"name":"Accueil","item":"https://www.itekpharma.com/"},{"@type":"ListItem","position":2,"name":"ITEK INFOS","item":"https://www.itekpharma.com/itek-infos/"},{"@type":"ListItem","position":3,"name":"ITEKPHARMA au salon PharmagoraPlus 2019"}]},{"@type":"WebSite","@id":"https://www.itekpharma.com/#website","url":"https://www.itekpharma.com/","name":"Itekpharma | Expert e-commerce pharmacies &amp; laboratoires depuis 2005","description":"L&#039;expertise e-commerce au service de votre santé","publisher":{"@id":"https://www.itekpharma.com/#organization"},"potentialAction":[{"@type":"SearchAction","target":{"@type":"EntryPoint","urlTemplate":"https://www.itekpharma.com/?s={search_term_string}"},"query-input":{"@type":"PropertyValueSpecification","valueRequired":true,"valueName":"search_term_string"}}],"inLanguage":"es"},{"@type":"Organization","@id":"https://www.itekpharma.com/#organization","name":"Itekpharma | Expert e-commerce pharmacies &amp; laboratoires depuis 2005","url":"https://www.itekpharma.com/","logo":{"@type":"ImageObject","inLanguage":"es","@id":"https://www.itekpharma.com/#/schema/logo/image/","url":"https://www.itekpharma.com/wp-content/uploads/2022/09/logo-header.png","contentUrl":"https://www.itekpharma.com/wp-content/uploads/2022/09/logo-header.png","width":321,"height":85,"caption":"Itekpharma | Expert e-commerce pharmacies &amp; laboratoires depuis 2005"},"image":{"@id":"https://www.itekpharma.com/#/schema/logo/image/"}}]}</script>
<!-- / Yoast SEO plugin. -->

ITEKPHARMA en PharmagoraPlus 2019 - Itekpharma | Experto comercio electrónico farmacias y laboratorios desde 2005

Itekpharma a participé au salon PharmagoraPlus qui s&rsquo;est déroulé à Paris Porte de Versailles samedi 30 et dimanche 31 Mars 2019. De nombreux pharmaciens en ont profité pour nous rencontrer et échanger sur les opportunités de développement du digital dans les officines, notamment avec le service d&rsquo;Ordonnance en ligne et du Click&amp;Collect de produits de [&hellip;]

Itekpharma | Experto en comercio electrónico para farmacias y laboratorios desde 2005

La experiencia del comercio electrónico al servicio de su salud
